-4498777 (base 10) in base 11?
-25a2aa8
8158059 (base 10) to base 13
18c8370
What is -100001001100110110110 (base 2) in base 9?
-2037316
What is 122211120200 (base 3) in base 8?
1255540
5350500 (base 6) to base 15
53013
-20122020110 (base 3) to base 6
-2444533
What is -816034 (base 9) in base 16?
-7601e
What is -323103 (base 10) in base 3?
-121102012210
Convert -25701b (base 16) to base 9.
-4548545
What is 306017 (base 8) in base 2?
11000110000001111
What is 1000001101010010100 (base 2) in base 12?
10b784
d15 (base 14) to base 2
101000000111
Convert 35101626 (base 7) to base 9.
5707843
Convert 20110201020111 (base 3) to base 16.
347914
Convert -102031050 (base 6) to base 13.
-4a2b21
250501 (base 7) to base 3
2022220201
Convert -9925a6 (base 11) to base 12.
-64502b
What is d4ce (base 15) in base 13?
17612
What is -119724 (base 10) in base 13?
-42657
What is -241201033 (base 5) in base 3?
-2002200112202
What is 64884 (base 12) in base 15?
2943a
What is b97da7 (base 16) in base 6?
1112315143
Convert 713714 (base 13) to base 14.
4c85d1
Convert -11003101 (base 4) to base 3.
-1001101021
111111101011111101 (base 2) to base 10
260861
Convert 4570214 (base 8) to base 4.
10233002030
What is -13303003110 (base 4) in base 10?
-2044116
-9a5091 (base 12) to base 13
-67c921
What is 11120303 (base 5) in base 6?
2034351
Convert -12634053 (base 8) to base 11.
-1665054
-78487 (base 10) to base 6
-1403211
Convert -3244023 (base 5) to base 16.
-db4a
Convert 111101101111100001001 (base 2) to base 12.
8169a1
Convert -11405717 (base 8) to base 15.
-343bb1
136542 (base 9) to base 7
465404
Convert -222333313 (base 4) to base 6.
-3435211
439287 (base 12) to base 7
12060451
Convert -1b4812 (base 13) to base 11.
-4356a1
What is -122022201212 (base 4) in base 14?
-ca7822
Convert -1c5677 (base 15) to base 4.
-11102023330
-1716446 (base 10) to base 6
-100442302
-2d0be (base 15) to base 14
-3ad4c
3035346 (base 8) to base 3
1111201110120
Convert 1030001012 (base 4) to base 11.
1a2a30
What is 1725a8 (base 13) in base 5?
121422342
Convert -1a2444 (base 15) to base 13.
-357772
-110012210002020 (base 3) to base 7
-106113264
Convert 16410210 (base 7) to base 11.
9a2532
2667723 (base 8) to base 3
1102002011010
Convert 3255152 (base 7) to base 11.
253890
-ad301 (base 15) to base 10
-550801
Convert -335414 (base 7) to base 16.
-e89a
140331240 (base 5) to base 12
2a5636
143102041 (base 5) to base 3
1102021110120
12042512 (base 6) to base 10
379052
-2031213310 (base 4) to base 16
-8d9f4
37726 (base 15) to base 5
21131421
-100110110110011001100 (base 2) to base 5
-311214121
What is 4314881 (base 9) in base 15?
30a574
111322331 (base 4) to base 11
61507
1110101000010111000010 (base 2) to base 12
134b62a
Convert -1222db (base 14) to base 16.
-978b9
Convert -259f63 (base 16) to base 14.
-4827ab
What is -40432043 (base 5) in base 8?
-1176754
Convert 10001410243 (base 5) to base 11.
558a794
Convert 678556 (base 14) to base 8.
15330620
Convert b8305 (base 13) to base 10.
332259
Convert 17b27b (base 12) to base 13.
116201
Convert 121040412 (base 5) to base 15.
b268c
332101300312 (base 4) to base 15
1677391
331376 (base 9) to base 6
4124023
Convert dd71c2 (base 14) to base 13.
172c7c9
10100100000011101000 (base 2) to base 5
133000401
-271a6b (base 13) to base 4
-3213010321
What is -3143064 (base 8) in base 15?
-1180b7
What is -3728 (base 14) in base 16?
-25a8
What is 11100001101011011100 (base 2) in base 16?
e1adc
-4512520 (base 6) to base 14
-5cc48
-3a47564 (base 11) to base 15
-93234e
Convert -8a163 (base 16) to base 15.
-b28bd
What is cc44 (base 14) in base 11?
24608
Convert 1021111021 (base 3) to base 6.
312224
What is -34959a (base 12) in base 8?
-3164006
Convert 7157225 (base 10) to base 6.
413223145
-563048 (base 9) to base 6
-11115242
What is 14210033 (base 5) in base 10?
147518
Convert 900c0 (base 13) to base 4.
332302311
What is 10023212201 (base 4) in base 14?
207649
-11011101001010000 (base 2) to base 15
-2383c
What is -11a92b (base 12) in base 16?
-465b3
What is 4113022 (base 6) in base 4?
233330012
What is -5d620 (base 14) in base 2?
-110111111001011100
Convert -234401302 (base 5) to base 16.
-10a50b
6aec07 (base 15) to base 14
9711d7
-a45859 (base 15) to base 5
-4000040014
What is 341000 (base 6) in base 12?
14760
-112230331 (base 5) to base 11
-317915
What is -47672 (base 10) in base 3?
-2102101122
-21101441 (base 5) to base 4
-222302032
What is -8b4b2 (base 12) in base 16?
-2d506
3404130 (base 5) to base 6
1141215
What is 25b66a5 (base 12) in base 5?
3402034311
Convert -1032312 (base 5) to base 8.
-42650
Convert 607969 (base 14) to base 4.
30120332021
What is 20020101332 (base 4) in base 11?
1226117
55b4a (base 12) to base 6
2235334
What is 56707c (base 13) in base 16?
1f2db1
221b6 (base 16) to base 13
4b784
6109294 (base 11) to base 3
202022211120112
-540887 (base 9) to base 5
-40302331
What is -9d618 (base 16) in base 7?
-5323252
-703d9 (base 14) to base 6
-5440323
110110001001110110011 (base 2) to base 5
423241030
-3421356 (base 8) to base 4
-3202023232
Convert 1323353 (base 7) to base 15.
368ab
What is 2110003113 (base 4) in base 3?
1010210212010
106424 (base 8) to base 11
25153
Convert -30544244 (base 7) to base 13.
-6bab0c
58174 (base 12) to base 10
117736
Convert 2468418 (base 9) to base 13.
381041
Convert -1200011222002 (base 3) to base 15.
-1287a5
6842644 (base 9) to base 13
9c22c9
13c7388 (base 15) to base 8
66433006
-313816 (base 10) to base 5
-40020231
What is 1678338 (base 9) in base 5?
220002042
Convert 7330551 (base 8) to base 5.
444232321
What is 2c652 (base 14) in base 6?
2213532
What is -97b418 (base 13) in base 10?
-3566428
12780b9 (base 13) to base 7
100121603
Convert -204441505 (base 6) to base 7.
-42310511
Convert 112401 (base 10) to base 7.
645462
Convert 22372 (base 11) to base 2.
111111010000010
Convert -1001010001111100110010 (base 2) to base 7.
-26451523
What is 40240242 (base 5) in base 11?
1aa461
What is ab516a (base 12) in base 2?
1010011001010110100010
Convert -44bb1 (base 13) to base 15.
-270aa
2712250 (base 8) to base 11
479237
What is a82de (base 15) in base 7?
4352405
Convert 9350a (base 15) to base 12.
1a6231
Convert 7a2687 (base 11) to base 13.
359490
-434345 (base 6) to base 12
-189b5
792c (base 15) to base 11
18337
What is 9556345 (base 10) in base 12?
324a361
What is 51880 (base 16) in base 9?
558077
Convert -4540234 (base 6) to base 16.
-3857e
What is 1545140 (base 6) in base 13?
32a72
1001000010100100010 (base 2) to base 15
5cb86
What is 4250314 (base 6) in base 10?
208774
Convert 1573314 (base 9) to base 6.
30431104
Convert -2020113012 (base 4) to base 11.
-3516a9
-182c02 (base 13) to base 6
-20554301
What is -35eb60 (base 15) in base 9?
-4763500
22bb63 (base 13) to base 11
5144a1
What is 3703216 (base 8) in base 10?
1017486
Convert e24433 (base 16) to base 9.
30811006
64656 (base 11) to base 9
152786
What is -6375116 (base 8) in base 10?
-1702478
What is 4232332 (base 5) in base 7?
413621
What is 17bb34 (base 12) in base 14?
ab156
-120341402 (base 5) to base 14
-1079cd
Convert -301203443 (base 5) to base 2.
-100100011100100001000
498ab (base 16) to base 3
120022012120
Convert 1068451 (base 13) to base 10.
5016493
-1756773 (base 8) to base 3
-222012020112
214ba8 (base 13) to base 12
318610
What is -281800 (base 15) in base 13?
-526c9b
1f25a (base 16) to base 15
27c03
Convert -2e238b (base 15) to base 7.
-24666125
Convert 799a6 (base 11) to base 5.
12200141
Convert 16766 (base 15) to base 10.
72546
Convert 100501332 (base 6) to base 12.
6aa848
-1101010100100000100 (base 2) to base 16
-6a904
What is -3459a7 (base 15) in base 9?
-4628824
What is -15ce59 (base 15) in base 11?
-661623
Convert 31256040 (base 7) to base 12.
a71553
What is -1a11950 (base 12) in base 16?
-53e50c
Convert -1651462 (base 7) to base 6.
-4541451
What is 4c6f2 (base 16) in base 10?
313074
1b85311 (base 13) to base 11
5190335
What is -566c6 (base 13) in base 4?
-212113223
50523531 (base 6) to base 3
2201021001101
Convert 110101010110101111011 (base 2) to base 16.
1aad7b
134255 (base 10) to base 11
91960
Convert d9d45 (base 15) to base 4.
2220310202
126411 (base 10) to base 2
11110110111001011
Convert 2334331 (base 7) to base 11.
191264
What is 433104314 (base 5) i